= o + 20. Give l(z).
5
Suppose 2*c = 2*c + 3*c. Let q(x) be the first derivative of -x**3/3 - 3*x**2/2 + 7*x + 2. Let r be q(c). Let w(b) = -b**3 + 7*b**2 - 8. Give w(r).
-8
Let x = -27937 + 27932. Let l(k) = 2*k**3 + 10*k**2 - 2. What is l(x)?
-2
Let f(s) = -48*s - 1488. Let z be f(-31). Let u(x) = -x**3 + x - 130. Calculate u(z).
-130
Suppose 215 = 31*t + 12*t. Let w(s) = s**3 - 7*s**2 + 8*s + 2. Give w(t).
-8
Let s(t) = t**3 - 1. Let m(n) = -8*n**3 - 2*n - 4. Let y(p) = m(p) - 5*s(p). Suppose -51*b = 4 - 55. Determine y(b).
-14
Let u(x) = -x**2 + 8*x + 1. Suppose -3*n - 2*h = 3*h - 944, 4*h - 16 = 0. Suppose -292 + n = 2*s. Calculate u(s).
1
Let o(k) be the first derivative of 21*k**2/2 + 31*k - 3623. What is o(-4)?
-53
Let n(a) = -1179*a + 9. Let s be n(0). Let c(f) = f**3 - 8*f**2 - 12*f + 6. Give c(s).
-21
Let i be (-9)/(-6)*1544/12. Let j = i + -187. Let z(u) = -2*u**2 + 8*u + 5. What is z(j)?
-19
Let j(y) = y**3 + 12*y**2 - 324*y - 12. Let m = 23899 - 23886. Determine j(m).
1
Let q = 4 - 2. Let b(p) = 7 + 4 - p**q - 6. Let z = -22898 + 22898. What is b(z)?
5
Let n = -349 - -362. Let s(f) = -2*f**2 + 23*f + 44. Calculate s(n).
5
Let t(k) be the first derivative of k**4/4 - 11*k**3/3 - 9*k - 2142. What is t(11)?
-9
Suppose -11 = z + 4*a, 4*a = -5*z - 3 - 4. Let p(y) = y**2 - 496*y + 9. Let d(x) = 397*x - 7. Let s(w) = 5*d(w) + 4*p(w). Give s(z).
6
Let f(k) = 14*k + 16. Let h be f(-5). Let d = h + 54. Let l(r) = -1 - 2*r + 10*r + r + d*r. Give l(1).
8
Suppose -a + 2 = -y - 2, -2*a + 4*y = 2. Let r be 5/(-25)*a*-5. Let l(h) = -h**3 + 8*h**2 + 10*h + 13. Calculate l(r).
22
Let o(g) be the third derivative of 0 + 29*g**2 - 1/2*g**3 + 1/24*g**4 + 0*g. Let j be ((-2)/4)/((-1)/4). Determine o(j).
-1
Suppose -102*p = -5*c - 99*p + 69, 0 = c + 2*p - 6. Let u(w) = w**3 - 12*w**2 + 2*w - 20. Calculate u(c).
4
Let a(d) be the first derivative of -d**3/3 - 7*d**2/2 - 3*d + 112. Let f be 5*(-2 + (-48)/(-20)). Suppose 0 = f*n + n + 21. Determine a(n).
-3
Let h(c) = c**2 - 3*c - 3. Let o be h(4). Let a be 27/36*(4 + 0). Let q(x) = -5*x**2 - o + 12*x - 7*x - a*x + 0. What is q(1)?
-4
Let p(s) = s - 5. Suppose 62*c = 68*c - 42. Suppose 0 = -141*d + 142*d - c. What is p(d)?
2
Let b(z) be the second derivative of 13*z**3/3 - 3*z**2 + 1442*z - 1. Give b(2).
46
Let x(n) = 14 + 0 + 13 - 31 + 6 + n + 7. Suppose 2*d + 10 = 4. Determine x(d).
6
Let r(l) be the third derivative of -1/120*l**6 - l**2 - 13 + 5/6*l**3 + 0*l + 7/60*l**5 - 1/3*l**4. Give r(6).
-7
Let p(h) = 0*h + 7 - 2*h + 9*h + 0*h + 10 - h**2. What is p(9)?
-1
Let k(h) = 3*h - 2*h + 9 - 7*h - h**2 + 3*h - 3*h. Suppose 4*z = -9 - 23. Calculate k(z).
-7
Let g(l) = -l**2 - 8*l - 7. Suppose 812*i = 807*i - 35. Give g(i).
0
Let v = 610 + -533. Let i = -83 + v. Let g(b) = -b**3 - 5*b**2 + 7*b - 5. Calculate g(i).
-11
Let u(x) = -x + 6. Let i(w) be the second derivative of w**5/20 - 11*w**4/12 + w**3/3 - 13*w**2/2 + 2*w + 31. Let j be i(11). Determine u(j).
-3
Let k = -19332 + 19332. Let w(o) = 2*o**2 + 2*o - 5. Determine w(k).
-5
Let g(p) = -52*p**3 - 45*p**3 - 50*p**3 + 8*p**2 + 148*p**3 - 17*p**2 + 6 - 11*p. Calculate g(10).
-4
Let f be 5 + 1 - (-60)/(-30). Suppose 4*q - 8 = -f*z, 5*z = -3*q + 10 + 10. Let t(l) = -l**3 + 6*l**2 + 4*l + 10. What is t(z)?
-11
Let v(u) = -u**3 + 20*u**2 - 65*u + 22. Let c = -1509 + 1525. What is v(c)?
6
Let d(m) = -3*m**2 + 16*m + 95. Let r be d(9). Let x(n) = n + 18. Give x(r).
14
Suppose -5*a - 32 - 16 = -4*q, 2*q - a - 24 = 0. Suppose 50 - q = 2*g. Let s = g + -20. Let l(o) = -5*o**2 - 1. Determine l(s).
-6
Suppose -34*y - 36 = -40*y. Suppose -v = -5*w - 20, -v - 4*w + 2*w + y = 0. Let b(p) = -p + 13. Determine b(v).
3
Suppose 0 = -199*d + 201*d - 2*j + 8, d = -j - 6. Let a(v) = -v**3 + 5*v**2 - 4 - 3 + 2*v**3 - 3*v. Calculate a(d).
8
Let a(y) be the first derivative of -y**3/2 - 3*y**2 - 49*y + 84. Let l(u) be the first derivative of a(u). Give l(7).
-27
Let h(p) = -2*p**2 - 7*p - 17. Let f be h(-4). Let v be (-4 + 28)*(-7)/f. Let x(r) = -r**3 + 7*r**2 + 6*r + 11. What is x(v)?
-5
Let d = 35905 + -35905. Let g(q) be the second derivative of -1/3*q**3 - 13/2*q**2 + d - 25*q. What is g(-10)?
7
Let w(i) be the third derivative of i**6/120 - 7*i**5/20 - 11*i**4/12 - 13*i**3/6 + 5*i**2 + 14*i + 17. Give w(22).
-13
Let t(m) = 22*m + 260. Let q be t(-12). Let w be q - (3 + -8 - (-3 + 1)). Let k(h) be the third derivative of -h**6/24 + h**5/60 - h**3/6 + h**2. Give k(w).
5
Let x(l) = -2*l**2 - 20*l + 3. Let v(t) = 249*t - 9. Let y be v(0). What is x(y)?
21
Let b(w) = 4*w + 5. Let j be b(-4). Let x(q) = 6*q - 2. Let f(s) = -17*s + 5. Let g(m) = j*x(m) - 4*f(m). Let i be (744/96 + -6)*-4. Determine g(i).
-12
Let u(g) = 177*g + 15 - 305*g + 215*g - 464. What is u(5)?
-14
Let s(k) = -k + 2. Suppose 5*r = t + 185, -103 = -3*r + 8*t - 9*t. Suppose -4*d + 4*l + r = 0, 5*l + 9 = -3*d + 2*d. Calculate s(d).
-4
Let x = -6 - -8. Let b(l) = -l + 1 - x + 2*l - 4. Let v(n) = -3*n**2 - 70*n + 305. Let f be v(-27). Give b(f).
3
Let l(y) = 2*y**2 + 37*y - 772. Let r be l(-31). Let c(d) be the first derivative of 0*d**2 - 2*d**r + 23 + d + 1/4*d**4. What is c(6)?
1
Let b(i) be the first derivative of i**6/24 - i**5/120 - i**4/24 - 8*i**3/3 - i + 39. Let q(a) be the third derivative of b(a). Determine q(-1).
15
Let d(f) = 48722*f - 16240*f - 6 + 2*f**3 + 14*f**2 - 16241*f - 2 - 16229*f. Calculate d(-6).
-8
Let f(h) = -2*h - 5. Let m(b) = -3*b - 6. Let u(i) = -4*f(i) + 3*m(i). Let w be 51*(8/(-12) + 1). Suppose -89 = -12*r - w. Give u(r).
-4
Let d(p) = -11*p + 10. Suppose 40 = 4*v - 4*t, -t - 17 = -54*v + 52*v. Determine d(v).
-67
Let u(s) = s**3 + 11*s**2 + 15*s + 4. Let v be 18*(430/20 + -22). What is u(v)?
31
Let n(d) = -d**3 - 6*d**2 + 6*d - 13. Let m be -3*((-42)/(-18))/(-7) - 8. Determine n(m).
-6
Let x(n) be the third derivative of n**6/120 - 11*n**5/60 + n**4/8 - 13*n**3/3 - 7262*n**2. Determine x(11).
7
Let p(f) be the first derivative of -13*f**3/3 - f**2 - 2*f - 1041. Calculate p(-1).
-13
Let h(n) be the first derivative of -n**2/2 + 8*n + 2173. What is h(-3)?
11
Let c = 11 - 8. Let b = 359 - 357. Let k(a) = 0*a**c - a**3 - 14*a + 8*a - 6 + 0*a - 6*a**b. Calculate k(-5).
-1
Let z = 110 + -189. Let n = z + 79. Let m(b) = -b + 2870*b**2 - 2869*b**2 - 7 + 0*b. Determine m(n).
-7
Let b = -37 - -43. Let f(o) = 8 - 9 - 7*o**3 - b*o**3. Suppose 2*s + 4 = 2. What is f(s)?
12
Let x(k) = 23059*k - 150 + 152 - 23062*k. What is x(13)?
-37
Let w(s) = s**3 + 5*s**2 + 3*s + 2. Let i be w(-4). Let x(d) = -d**2 + 8*d - 10. Let n be x(i). Let m(g) = 6 + 3 - n - 8 - 12*g. Calculate m(1).
-13
Let c(u) = -27*u + 7. Let a be (9 - 3) + (-28)/6*288/192. Give c(a).
34
Let z(c) = 14*c + 120. Let b be z(-9). Let a(j) = 5*j**2 - 22*j + 12. Let r(f) = -3*f**2 + 12*f - 6. Let k(n) = 4*a(n) + 7*r(n). Determine k(b).
-6
Let t(z) be the second derivative of z**6/120 + z**5/10 + z**4/8 - z**3/6 - 17*z**2 + 2*z - 27. Let g(h) be the first derivative of t(h). Calculate g(-5).
9
Let m(k) = -3*k**2 - 1. Let w(x) = -5*x**2 - 12*x + 1. Let j(h) = -2*m(h) + 2*w(h). Let g be j(-6). Let y(p) = -p**2 + 3*p - 4. Calculate y(g).
-8
Let m(t) be the second derivative of -t**3/6 + 10*t**2 + 175*t. Suppose -h = 38 - 46. What is m(h)?
12
Let c(z) = -z**2 + 13*z - 5. Let t(f) = -12*f + 28. Let p be t(2). Let a be -1*(-6)/p*(-624)/(-72). Calculate c(a).
-5
Let u(f) = 19*f - 1. Let t(a) = -17*a + 2. Let w(q) = t(q) + u(q). Let j be ((-4)/10)/(2/(-30)). Suppose j - 2 = -s. What is w(s)?
-7
Let k(g) = 1 - 39*g - 2 + 0 + 36*g. Let s(w) = 6*w + 9. Let z(d) = 5*k(d) + s(d). Determine z(3).
-23
Let m(x) = 9*x - 9. Let r(j) = 15*j - 28. Let b(k) = 7*k - 15. Let u(f) = 5*b(f) - 3*r(f). Let g(h) = 6*m(h) + 5*u(h). Determine g(6).
15
Let c(p) = p**2 + 5*p**2 - 5*p + 137*p**3 - 136*p**3 + 4. Let m be 1/((-2)/4) + 7. Suppose 0 = -m*v + 4*t - 39, -v + 2*v - 2*t + 9 = 0. What is c(v)?
-10
Suppose 7*n - 8 = 6. Let i be 11 + (n - (4 + (0 - 1))). Let t(f) = -i + 35*f**2 - f - 17*f**2 - 19*f**2. Give t(0).
-10
Let o be (-1)/((-4040)/(-810) - 5). Suppose 0 = 71*q - o*q - 80. Let n(m) be the first derivative of m**2/2 + 4*m - 2. What is n(q)?
-4
Suppose 86 + 108 - 156 = -38*l. Let c(d) = 73*d**3 - 3*d - 3. Determine c(l).
-73
Let l(r) = -r**3 - 7*r**2 - 